{"id":662,"date":"2023-12-19T14:21:07","date_gmt":"2023-12-19T13:21:07","guid":{"rendered":"https:\/\/www.bloggedy.de\/?page_id=662"},"modified":"2024-02-02T13:14:33","modified_gmt":"2024-02-02T12:14:33","slug":"workshops-seminare","status":"publish","type":"page","link":"https:\/\/www.bloggedy.de\/?page_id=662","title":{"rendered":"Workshops &#038; Seminare"},"content":{"rendered":"\n<p><strong>Kennen Sie den Scully-Effekt?<\/strong><\/p>\n\n\n\n<p>Anfang der Neunziger schrieben sich an den Unis in den USA deutlich mehr weibliche Studierende f\u00fcr mathematisch-naturwissenschaftliche F\u00e4cher ein. Ihr Vorbild war Special Agent Dana Scully aus der TV-Serie &#8222;Akte X&#8220;, die ihnen zeigte, dass auch Frauen in MINT-Berufen erfolgreich sein k\u00f6nnen.<br>Show don&#8217;t tell: Mit Storytelling und Entertainment k\u00f6nnen wir Werte und Einstellungen ver\u00e4ndern.<\/p>\n\n\n\n<p><strong>Less facts \u2013 more emotions<\/strong><\/p>\n\n\n\n<p>Wenn die Werte stimmen, ist das Produkt fast egal. In der Markenbildung z\u00e4hlen nicht die Fakten \u2013 Emotionen begeistern und \u00fcberzeugen Menschen. Deshalb erz\u00e4hlen wir Geschichten \u2013 und daf\u00fcr vermittle ich das n\u00f6tige Know-how.<\/p>\n\n\n\n<figure class=\"wp-block-image size-full\"><img loading=\"lazy\" decoding=\"async\" width=\"1100\" height=\"435\" src=\"https:\/\/www.bloggedy.de\/wp-content\/uploads\/2023\/12\/IMG_4102d.jpg\" alt=\"\" class=\"wp-image-809\" srcset=\"https:\/\/www.bloggedy.de\/wp-content\/uploads\/2023\/12\/IMG_4102d.jpg 1100w, https:\/\/www.bloggedy.de\/wp-content\/uploads\/2023\/12\/IMG_4102d-300x119.jpg 300w, https:\/\/www.bloggedy.de\/wp-content\/uploads\/2023\/12\/IMG_4102d-1024x405.jpg 1024w, https:\/\/www.bloggedy.de\/wp-content\/uploads\/2023\/12\/IMG_4102d-768x304.jpg 768w\" sizes=\"auto, (max-width: 1100px) 100vw, 1100px\" \/><\/figure>\n\n\n\n<ol class=\"wp-block-list\">\n<li><strong><a href=\"https:\/\/www.bloggedy.de\/?page_id=692\">Stop Making Sense.<\/a><\/strong> Keynote, Vortrag, Workshop \u2013 gerne auch mit Diskussion. Der ideale Einstieg in unsere Zusammenarbeit.<\/li>\n\n\n\n<li><strong><a href=\"https:\/\/www.bloggedy.de\/?page_id=742\">Menschen | Marken | Emotionen.<\/a><\/strong> Zweitages-Workshop f\u00fcr Unternehmen, Freelancer, Agenturen. Sie und Ihre Talente finden damit den Einstieg in die Welt des Storytelling. Denn Entertainment ist Handwerk \u2013 und das kann man lernen.<\/li>\n\n\n\n<li><strong><a href=\"https:\/\/www.bloggedy.de\/?page_id=740\">Gagwriting \u2013 mach dich locker.<\/a><\/strong> Macht Spa\u00df \u2013 und ganz nebenbei wirkt dieses Team-Event auch noch als Motivationsschub und als Boost f\u00fcr mehr Kreativit\u00e4t.<\/li>\n\n\n\n<li><strong><a href=\"https:\/\/www.bloggedy.de\/?page_id=769\">Profiling &amp; Positionierung.<\/a><\/strong> Mission\/Vision \u2013 sch\u00f6n und gut. Aber was treibt Ihre Marke an? Wie positionieren wir sie als Heldin? Das <em>character development<\/em> f\u00fcr Ihre Marke.<br><\/li>\n<\/ol>\n\n\n\n<p class=\"has-small-font-size\"><strong>Referenzen (Auswahl):<\/strong><br>B\u00b7A\u00b7D Gmbh, Bonn | Fink &amp; Fuchs AG, M\u00fcnchen | Kanzlei Redeker Sellner Dahs, Bonn | Digitalagentur i22, Bonn | Agentur Q4U, Bonn | Industrie- und Handelskammern | VokDams, Berlin | Voss+Fischer, Wiesbaden | Georg-August-Universit\u00e4t G\u00f6ttingen | Senatsclub der Wirtschaft | St\u00e4dte und Kommunen | Trierischer Volksfreund Medienhaus GmbH | Hochtief, Essen.<\/p>\n","protected":false},"excerpt":{"rendered":"<p>Kennen Sie den Scully-Effekt? Anfang der Neunziger schrieben sich an den Unis in den USA deutlich mehr weibliche Studierende f\u00fcr mathematisch-naturwissenschaftliche F\u00e4cher ein. Ihr Vorbild war Special Agent Dana Scully aus der TV-Serie &#8222;Akte X&#8220;, die ihnen zeigte, dass auch Frauen in MINT-Berufen erfolgreich sein k\u00f6nnen.Show don&#8217;t tell: Mit Storytelling und Entertainment k\u00f6nnen wir Werte [&hellip;]<\/p>\n","protected":false},"author":1,"featured_media":0,"parent":0,"menu_order":0,"comment_status":"closed","ping_status":"closed","template":"","meta":{"footnotes":""},"class_list":["post-662","page","type-page","status-publish","hentry"],"_links":{"self":[{"href":"https:\/\/www.bloggedy.de\/index.php?rest_route=\/wp\/v2\/pages\/662","targetHints":{"allow":["GET"]}}],"collection":[{"href":"https:\/\/www.bloggedy.de\/index.php?rest_route=\/wp\/v2\/pages"}],"about":[{"href":"https:\/\/www.bloggedy.de\/index.php?rest_route=\/wp\/v2\/types\/page"}],"author":[{"embeddable":true,"href":"https:\/\/www.bloggedy.de\/index.php?rest_route=\/wp\/v2\/users\/1"}],"replies":[{"embeddable":true,"href":"https:\/\/www.bloggedy.de\/index.php?rest_route=%2Fwp%2Fv2%2Fcomments&post=662"}],"version-history":[{"count":18,"href":"https:\/\/www.bloggedy.de\/index.php?rest_route=\/wp\/v2\/pages\/662\/revisions"}],"predecessor-version":[{"id":1037,"href":"https:\/\/www.bloggedy.de\/index.php?rest_route=\/wp\/v2\/pages\/662\/revisions\/1037"}],"wp:attachment":[{"href":"https:\/\/www.bloggedy.de\/index.php?rest_route=%2Fwp%2Fv2%2Fmedia&parent=662"}],"curies":[{"name":"wp","href":"https:\/\/api.w.org\/{rel}","templated":true}]}}