{"id":686,"date":"2023-12-19T16:28:00","date_gmt":"2023-12-19T15:28:00","guid":{"rendered":"https:\/\/www.bloggedy.de\/?page_id=686"},"modified":"2024-02-01T16:49:13","modified_gmt":"2024-02-01T15:49:13","slug":"showtime","status":"publish","type":"page","link":"https:\/\/www.bloggedy.de\/","title":{"rendered":"\ud83c\udfad"},"content":{"rendered":"\n<p><strong><strong>Mein Ziel: Ihnen den bestm\u00f6glichen Auftritt verschaffen.<\/strong><\/strong><\/p>\n\n\n\n<p>Kommunikation findet zwischen Menschen statt: Wichtiger als Zahlen, Daten, Fakten ist Vertrauen. Traut euch, seid mutig, setzt auf Werte und Emotionen. Nur so erreichen wir Menschen. Personality gewinnt, eine gute Story macht den Unterschied. <\/p>\n\n\n<div class=\"wp-block-image wp-duotone-unset-1\">\n<figure class=\"alignright size-full is-resized\"><img loading=\"lazy\" decoding=\"async\" width=\"1024\" height=\"943\" src=\"https:\/\/www.bloggedy.de\/wp-content\/uploads\/2023\/12\/One-funny-fish7-2.jpg\" alt=\"\" class=\"wp-image-974\" style=\"width:274px;height:auto\" srcset=\"https:\/\/www.bloggedy.de\/wp-content\/uploads\/2023\/12\/One-funny-fish7-2.jpg 1024w, https:\/\/www.bloggedy.de\/wp-content\/uploads\/2023\/12\/One-funny-fish7-2-300x276.jpg 300w, https:\/\/www.bloggedy.de\/wp-content\/uploads\/2023\/12\/One-funny-fish7-2-768x707.jpg 768w\" sizes=\"auto, (max-width: 1024px) 100vw, 1024px\" \/><\/figure><\/div>\n\n\n<p><strong>Claus Vaske \u2013 Autor. Coach. Berater.<\/strong><\/p>\n\n\n\n<p>Seit drei Jahrzehnten schreibe ich unterhaltsames Zeug. Ich war Gag-Garant der Harald-Schmidt-Show, habe mit den Expo-Werbespots 2000 die angeblich teuerste Kampagne ever geschrieben und als Deutscher bei der CES in Las Vegas mit Comedy abger\u00e4umt. Ich unterst\u00fctze und berate F\u00fchrungskr\u00e4fte und Unternehmen, damit sie besser ankommen.<\/p>\n\n\n\n<p>In drei\u00dfig Jahren habe ich viel gemacht, viel gesehen. M\u00f6chten Sie davon profitieren? <a href=\"mailto:claus@vaske.de\" target=\"_blank\" rel=\"noreferrer noopener\">Call me!<\/a><\/p>\n\n\n\n<p><\/p>\n\n\n\n<p><sup><em>Claus Vaske | Script &amp; Storytelling<br>Friedrichstra\u00dfe 34 | 53111 Bonn<br>0171-54 52 411 | <a href=\"mailto:claus@vaske.de\">claus@vaske.de<\/a><\/em><\/sup><\/p>\n\n\n\n<p> <\/p>\n","protected":false},"excerpt":{"rendered":"<p>Mein Ziel: Ihnen den bestm\u00f6glichen Auftritt verschaffen. Kommunikation findet zwischen Menschen statt: Wichtiger als Zahlen, Daten, Fakten ist Vertrauen. Traut euch, seid mutig, setzt auf Werte und Emotionen. Nur so erreichen wir Menschen. Personality gewinnt, eine gute Story macht den Unterschied. Claus Vaske \u2013 Autor. Coach. Berater. Seit drei Jahrzehnten schreibe ich unterhaltsames Zeug. Ich [&hellip;]<\/p>\n","protected":false},"author":1,"featured_media":0,"parent":0,"menu_order":0,"comment_status":"closed","ping_status":"closed","template":"","meta":{"footnotes":""},"class_list":["post-686","page","type-page","status-publish","hentry"],"_links":{"self":[{"href":"https:\/\/www.bloggedy.de\/index.php?rest_route=\/wp\/v2\/pages\/686","targetHints":{"allow":["GET"]}}],"collection":[{"href":"https:\/\/www.bloggedy.de\/index.php?rest_route=\/wp\/v2\/pages"}],"about":[{"href":"https:\/\/www.bloggedy.de\/index.php?rest_route=\/wp\/v2\/types\/page"}],"author":[{"embeddable":true,"href":"https:\/\/www.bloggedy.de\/index.php?rest_route=\/wp\/v2\/users\/1"}],"replies":[{"embeddable":true,"href":"https:\/\/www.bloggedy.de\/index.php?rest_route=%2Fwp%2Fv2%2Fcomments&post=686"}],"version-history":[{"count":84,"href":"https:\/\/www.bloggedy.de\/index.php?rest_route=\/wp\/v2\/pages\/686\/revisions"}],"predecessor-version":[{"id":1025,"href":"https:\/\/www.bloggedy.de\/index.php?rest_route=\/wp\/v2\/pages\/686\/revisions\/1025"}],"wp:attachment":[{"href":"https:\/\/www.bloggedy.de\/index.php?rest_route=%2Fwp%2Fv2%2Fmedia&parent=686"}],"curies":[{"name":"wp","href":"https:\/\/api.w.org\/{rel}","templated":true}]}}