{"id":841,"date":"2023-12-21T11:10:35","date_gmt":"2023-12-21T10:10:35","guid":{"rendered":"https:\/\/www.bloggedy.de\/?page_id=841"},"modified":"2024-02-02T11:53:45","modified_gmt":"2024-02-02T10:53:45","slug":"was-geht","status":"publish","type":"page","link":"https:\/\/www.bloggedy.de\/?page_id=841","title":{"rendered":"Storytelling"},"content":{"rendered":"\n<p><strong>Kommunikation muss unterhaltsam sein \u2013 was denn sonst<\/strong>.<\/p>\n\n\n\n<p>Wie k\u00f6nnen wir Menschen heute noch erreichen? Meine \u00dcberzeugung: Indem wir f\u00fcr sie da sind und ihre Sprache sprechen. Unsere Inhalte m\u00fcssen ihnen einen Mehrwert bieten, sie m\u00fcssen auf ihre W\u00fcnsche und Bed\u00fcrfnisse eingehen. Alles andere verpufft. Less facts \u2013 more emotions: So gewinnen wir die Herzen der Menschen.<\/p>\n\n\n\n<figure class=\"wp-block-image size-large\"><img loading=\"lazy\" decoding=\"async\" width=\"1024\" height=\"282\" src=\"https:\/\/www.bloggedy.de\/wp-content\/uploads\/2020\/04\/claus_vaske-1024x282.jpg\" alt=\"\" class=\"wp-image-510\" srcset=\"https:\/\/www.bloggedy.de\/wp-content\/uploads\/2020\/04\/claus_vaske-1024x282.jpg 1024w, https:\/\/www.bloggedy.de\/wp-content\/uploads\/2020\/04\/claus_vaske-300x83.jpg 300w, https:\/\/www.bloggedy.de\/wp-content\/uploads\/2020\/04\/claus_vaske-768x211.jpg 768w, https:\/\/www.bloggedy.de\/wp-content\/uploads\/2020\/04\/claus_vaske-1536x422.jpg 1536w, https:\/\/www.bloggedy.de\/wp-content\/uploads\/2020\/04\/claus_vaske-2048x563.jpg 2048w\" sizes=\"auto, (max-width: 1024px) 100vw, 1024px\" \/><\/figure>\n\n\n\n<p><strong>Strategie. Identit\u00e4t. Story.<\/strong><\/p>\n\n\n\n<p>Unsere Kunden sind unser Publikum: Sie wollen unterhalten werden. Doch wie schaffe ich es, spannende und charmante Geschichten rund um Unternehmen und Produkte zu erz\u00e4hlen?<\/p>\n\n\n\n<ul class=\"wp-block-list\">\n<li>Sie haben einen Anlass, eine Idee. Daf\u00fcr entwickle ich Konzept und Script. <\/li>\n\n\n\n<li>Storytelling ist Handwerk \u2013 und das kann man lernen. Deswegen schreibe ich nicht nur, sondern coache Sie und Ihr Team f\u00fcr erfolgreiche Kommunikation. <\/li>\n\n\n\n<li>Story comes out of character: Ich berate und unterst\u00fctze Sie darin, eine Identit\u00e4t zu entwickeln. Sie, Ihre Marke, Ihr Unternehmen etablieren wir als faszinierenden Charakter. Das macht Sie spannend, daraus ergeben sich Themen und Geschichten.<\/li>\n<\/ul>\n\n\n\n<p>Eines sollte immer an erster Stelle stehen: Die Leidenschaft f\u00fcr mitrei\u00dfende Geschichten. Wir haben alle M\u00f6glichkeiten, Kunden und Klienten f\u00fcr uns zu begeistern. Let\u2019s go!<\/p>\n\n\n\n<p><sup><em>Claus Vaske | Script &amp; Storytelling<br>Friedrichstra\u00dfe 34 | 53111 Bonn<br>0171-54 52 411 | <a href=\"mailto:claus@vaske.de\">claus@vaske.de<\/a><\/em><\/sup><\/p>\n","protected":false},"excerpt":{"rendered":"<p>Kommunikation muss unterhaltsam sein \u2013 was denn sonst. Wie k\u00f6nnen wir Menschen heute noch erreichen? Meine \u00dcberzeugung: Indem wir f\u00fcr sie da sind und ihre Sprache sprechen. Unsere Inhalte m\u00fcssen ihnen einen Mehrwert bieten, sie m\u00fcssen auf ihre W\u00fcnsche und Bed\u00fcrfnisse eingehen. Alles andere verpufft. Less facts \u2013 more emotions: So gewinnen wir die Herzen [&hellip;]<\/p>\n","protected":false},"author":1,"featured_media":0,"parent":0,"menu_order":0,"comment_status":"closed","ping_status":"closed","template":"","meta":{"footnotes":""},"class_list":["post-841","page","type-page","status-publish","hentry"],"_links":{"self":[{"href":"https:\/\/www.bloggedy.de\/index.php?rest_route=\/wp\/v2\/pages\/841","targetHints":{"allow":["GET"]}}],"collection":[{"href":"https:\/\/www.bloggedy.de\/index.php?rest_route=\/wp\/v2\/pages"}],"about":[{"href":"https:\/\/www.bloggedy.de\/index.php?rest_route=\/wp\/v2\/types\/page"}],"author":[{"embeddable":true,"href":"https:\/\/www.bloggedy.de\/index.php?rest_route=\/wp\/v2\/users\/1"}],"replies":[{"embeddable":true,"href":"https:\/\/www.bloggedy.de\/index.php?rest_route=%2Fwp%2Fv2%2Fcomments&post=841"}],"version-history":[{"count":14,"href":"https:\/\/www.bloggedy.de\/index.php?rest_route=\/wp\/v2\/pages\/841\/revisions"}],"predecessor-version":[{"id":1033,"href":"https:\/\/www.bloggedy.de\/index.php?rest_route=\/wp\/v2\/pages\/841\/revisions\/1033"}],"wp:attachment":[{"href":"https:\/\/www.bloggedy.de\/index.php?rest_route=%2Fwp%2Fv2%2Fmedia&parent=841"}],"curies":[{"name":"wp","href":"https:\/\/api.w.org\/{rel}","templated":true}]}}